3*p - 1403 - 5643, 5*p = -3*i + 10607. What is the units digit of i?
9
Suppose t + 0*t = 3. Suppose 0 = t*h - 6*h. Suppose -u - 42 = -2*l - h*l, l - 21 = -4*u. What is the units digit of l?
1
Let o(w) = -2*w - 3. Let u be o(4). Let b(k) = k**2 + 11*k + 5. Let h be b(u). Suppose 3*f + 4 = 1, 2*c + h*f = 13. What is the units digit of c?
9
Let o be 29 + -15 + (-6)/(-2). Suppose 5*a = -j + 31, 4*j + o = 5*a + 66. What is the units digit of j?
6
What is the thousands digit of 571*(-2 + -1)*(-18)/27?
1
Suppose -3*t = 4*c - 19 + 5, 20 = 5*c + 5*t. Suppose 0 = r + 3, -c*p - p + 123 = -5*r. What is the tens digit of p?
3
Let w be ((-46)/69)/((-2)/33). Suppose 0 = -w*v + 8*v - 4*y + 71, -v = -y - 12. What is the tens digit of v?
1
Let s(w) = -w**3 - 8*w**2 - 47*w - 40. What is the units digit of s(-11)?
0
Let g(i) = 3*i**2 + 10*i + 5. Let q be g(0). Suppose 5*s - 21 - 34 = 0. Suppose -q*w = -s - 9. What is the units digit of w?
4
Let t = -16 - -34. Suppose q = 4*n - t, -2*q - 3*q - 22 = -3*n. Suppose 4*c + 175 = 3*l, -5*l - c + 310 = -n*c. What is the units digit of l?
5
Let r(i) = 15*i**3 + 6*i**2 - 19*i + 81. What is the thousands digit of r(6)?
3
Suppose -3*d + 13 = -4*o, -d + 4*o - 42 = -3*d. Suppose -7*p = -24 - d. What is the units digit of p?
5
Let u = 51 + -33. What is the units digit of (u/4)/(1 - (-5)/(-6))?
7
Let n(b) = -88*b - 782. What is the tens digit of n(-40)?
3
Let p = 25 + 22. What is the units digit of -3 + p*(-2 - -5)?
8
What is the tens digit of 15150/100 + 2/(-4)?
5
Suppose 74*j = 43240 + 6636. What is the units digit of j?
4
Let k(o) = o**3 - 9*o**2 - 10*o - 31. What is the hundreds digit of k(13)?
5
Let m be (-24)/16 + (1005/10 - 0). Suppose 2*z = 5*z. Suppose -5*s + m + 41 = z. What is the tens digit of s?
2
Let z(m) = m - 1. Let n be z(0). What is the units digit of -2*(n - (2 - 2)) + 26?
8
Suppose 1165*l - 2552 = 1157*l. What is the units digit of l?
9
Let j = -128 + 132. Suppose -773 - 295 = -j*g. What is the tens digit of g?
6
Suppose 3303 + 793 = 16*u. What is the tens digit of u?
5
What is the units digit of 2571/6 + 8/16?
9
Suppose -2*o + 0*g + 465 = -g, -1161 = -5*o + 3*g. Suppose 13*l = 15*l - o. What is the units digit of l?
7
Suppose 0 = y - 0 - 3. Suppose y*h - 3*r - 457 = h, -445 = -2*h - r. What is the tens digit of h?
2
Let g = 125 - 98. What is the units digit of g?
7
Let l(n) = -n**3 - 29*n**2 + 28*n + 46. What is the hundreds digit of l(-30)?
1
Let x be ((-2)/8)/((-2)/8). Let p be -5*((-6)/15 + x). What is the units digit of 9*((-24)/9 - p)?
3
Let f = 12 - 13. Suppose -5 = i, 24 = 4*c - 3*i - 3. What is the tens digit of f + c - 1*-33?
3
Suppose 1215 = m - 6*m + 3*g, -g = -4*m - 979. What is the tens digit of ((-23)/(-4))/(m/(-48) + -5)?
4
Let y(m) = 174*m - 370. What is the tens digit of y(14)?
6
Let f(y) = -y**2 - 2*y + 2. Let p be f(-2). Suppose p*o + 6 = 0, 3 + 0 = 4*l - o. Suppose l = -4*i + 15 - 3. What is the units digit of i?
3
Let q(k) = k + 11. Let i be q(-2). Suppose -w = l - 0*l - i, -3*w = -3*l + 51. What is the units digit of l?
3
Let f(p) = -p**2 - 2*p. Let r be f(-2). Let d = 14 - 11. Suppose 18 = d*u - r*u. What is the units digit of u?
6
What is the units digit of 1 + 10/(-15)*-264*6?
7
Let w(h) = h**2 - 19*h + 53. Let t be w(21). Let v(q) = -29*q + 1. Let j be v(-2). Suppose 5*r - 2*r + u - j = 0, -u + t = 5*r. What is the tens digit of r?
1
Suppose 212 = 4*h - 3*f, -h + f = -4*f - 53. Suppose 3*k - 50 = 2*r, 2*k + 5*r = 5*k - h. What is the units digit of (k/(-2))/4 - -4?
2
Let m be 3/(-2 - 11/(-4)). Suppose -l + m*l = 3. Let n = 38 - l. What is the units digit of n?
7
Let w(u) = -3*u**3 - 4*u**2 + 5*u - 1. Let o be w(-4). Suppose 43 = 5*i - o. Suppose -3*f - 2*f = -i. What is the units digit of f?
6
Let k = 22 + -18. Suppose -198 = k*z + 10. Let t = z + 76. What is the tens digit of t?
2
Let p = 68 - -52. Let y = p + -41. What is the units digit of y?
9
Let v(z) = 2*z**2 + 8*z - 12. Let n be v(-7). Suppose -n - 14 = -g. What is the tens digit of g?
4
Suppose 2*g + 2*u - 78 = 4*u, 51 = g + 2*u. Let h = 3 + g. What is the units digit of h?
6
Suppose -36 = 3*p - 9*p. Suppose 45 = -5*k + p*k. What is the units digit of k?
5
Let o(f) = 2*f**2 + 16*f + 10. Let m be o(-22). Suppose 5*h - 349 = m. What is the hundreds digit of h?
1
Suppose -5*i = 22 + 3. Let f(a) = 2*a**2 + 7*a - 10. Let k be f(i). Suppose -5*s + 190 = 4*v, -2*s + 6*v + 89 = k*v. What is the tens digit of s?
4
Suppose 0 = -6*l + 16 + 1880. What is the tens digit of l?
1
Suppose -5*v = -3*c - v + 571, 2*v + 961 = 5*c. What is the units digit of 0 + c + 0*3/(-6)?
3
Let q(a) = 9 - 39 + 11 + 15 + a**3 + 21*a + 13*a**2. What is the tens digit of q(-10)?
8
Suppose -4*d = -d - 1077. Let p = d - 226. What is the hundreds digit of p?
1
Let o = -485 - -775. What is the tens digit of o?
9
Let s = 45 - -91. Let j = -286 + s. What is the units digit of 2 - 1 - j/5?
1
Let w = 417 - 743. What is the units digit of 3/(-2) - w/4?
0
Suppose -p = -6 - 12. Let y(h) = -h**2 - 12*h + 20. Let l be y(-10). Let k = l - p. What is the units digit of k?
2
Let w = 9 + -13. Let g(x) = -21*x + 3. Let k be g(w). Suppose 3*v = f - 46, -k = f - 3*f + 5*v. What is the tens digit of f?
3
Let r(q) = 7*q**2 - 147*q - 9. What is the tens digit of r(26)?
0
Let f be (28/(-7))/(2/(-4) - -1). Let k(y) = -21*y - 7. What is the hundreds digit of k(f)?
1
Let p = 2424 + -1238. What is the tens digit of p?
8
Let n = 161 + -133. Let v = n + 50. What is the tens digit of v?
7
Suppose 1084 = 4*q + 2*u, 3*u = 5*q - q - 1064. What is the hundreds digit of q?
2
Let z(x) = x**3 + 14*x**2 - 22*x - 9. Let i be z(-15). What is the units digit of ((-14)/(-21))/(0 - (-2)/i)?
2
Suppose -6*r = 2*r - 176. Let l = r + 53. What is the tens digit of l?
7
Suppose c + 330 = 2*r - 4*c, -4*r + 672 = -4*c. Suppose 0 = 2*b - 4*i + r, 3*b + 5*i - 2*i = -210. Let p = b + 109. What is the tens digit of p?
3
Let j = 102 + -29. Suppose j = 4*c - 5*g - 13, 5*c = -4*g + 87. What is the tens digit of c?
1
Let f = -49 + 6191. What is the thousands digit of f?
6
Suppose -2*q - 8 = 4*a - 2, -18 = -3*a + 3*q. Suppose 0 = 3*k - 59 - a. What is the units digit of k?
0
Let r be (-7075)/(-20) + (45/(-12) - -3). Let g = r + -176. What is the units digit of g?
7
Suppose -7*v + 20 = -3*v. Suppose v*q = -q - 90. What is the units digit of 16/(-6)*(q + 6)?
4
Suppose 4*r = 3*z + 1 + 15, 5*r = 4*z + 20. Let k be 528/38 - (-8)/76. What is the units digit of 3751/77 + r/k?
9
Suppose 0 = -4*i + 1 + 3. What is the units digit of -1*(264*i)/(-3)?
8
Let s(j) = -j**3 - 8*j**2 - 4*j + 6. Suppose -4*b - 3*c - 3 = 31, -3*c = 3*b + 27. Let f be s(b). What is the tens digit of -1*(f + (0 - 2))?
1
Let c = -881 + 1338. Let m = c - 202. What is the hundreds digit of m?
2
Let j = -1306 + 2901. What is the thousands digit of j?
1
Suppose -9*w + 13*w = 2*x - 6358, -w + 12734 = 4*x. What is the hundreds digit of x?
1
Suppose -137 = -b - 4*k, -3*b + 3*k + 369 = k. What is the units digit of b?
5
Let b be (5/1)/(9/9). Let y(i) be the second derivative of i**3 + 2*i**2 + i. What is the tens digit of y(b)?
3
Let x(w) = 2*w - 6. Let m be x(3). Suppose m = -7*h + h + 408. What is the tens digit of h?
6
Let t(g) = -452*g - 404. What is the units digit of t(-10)?
6
Let k = 3574 + -1667. What is the tens digit of k?
0
Let l(r) = -257*r + 129. What is the units digit of l(-7)?
8
Let z = -4178 + 6328. What is the tens digit of z?
5
Let x(g) = 10*g**2 - 10*g + 23. What is the tens digit of x(-6)?
4
Let b(l) = 9*l**2 - 1. Let w(y) = 8*y**2 + y. Let d be (2 - 5)/(2 + -1). Let z(a) = d*b(a) + 4*w(a). What is the units digit of z(-3)?
6
Let h(u) = 11*u**2 - 11*u - 18. What is the units digit of h(7)?
4
Let l = 197 - 185. What is the units digit of l?
2
Let v = -201 - -372. Suppose 2*t + 221 = 4*x - 3*t, -5*t + v = 4*x. Suppose 55 = 4*j - x. What is the tens digit of j?
2
Suppose -4*t = -3*t - 51. Suppose b - f - 34 = -b, f = -3*b + t. What is the tens digit of b?
1
Let i be (1 + -3)/(2/(-4)). Suppose -65 = -2*x - 3*o, 47 + 11 = 2*x - i*o. What is the units digit of x?
1
Let h be 4/(-14) - 2425/(-35). Let b = h + -23. What is the tens digit of b?
4
Suppose d + 0 + 13 = 0. Let v = d + 25. Let b = v - -1. What is the tens digit of b?
1
Suppose -12*d = -d